)) + 4).
-7
Calculate -4 + 33 + -24 - (2 + (1 - -2)).
0
What is the value of 4 + (23 - (54 + -24))?
-3
Evaluate -14 - (2 + -6) - (42 - 68).
16
What is the value of -40 + (25 - 16 - -49)?
18
Calculate 0 + (13 - 1) + (-15 - -3 - -11).
11
What is the value of 8 + (-43 - -12 - -21)?
-2
7 - (26 + -24 + -1 + -2 + 26)
-18
17 + -4 + -3 + 16 + 10
36
What is -4 - (9 - (11 - (-1 - (-6 + 4))))?
-3
Calculate 28 + 30 + -41 - 20.
-3
Calculate -2 + 9 - 5 - ((15 - 9) + -14).
10
-7 - (-5 + 16 + -31 + 7)
6
What is -1 - (14 + (-5 - 12) + 7)?
-5
What is the value of (9 - 18) + 9 + 19?
19
What is -6 + -9 + -2 + (-8 - -13)?
-12
What is the value of (31 - 34) + 3 + 2 - (-6 + 3)?
5
2 - ((-1 - -5) + 8) - -16
6
Calculate -8 - -10 - (3 - 2).
1
What is the value of 37 + (-34 - (-21 - 1))?
25
-20 + -1 + 1 + 7 + -3
-16
What is the value of 881 + -877 + (-1 - -2) + -9?
-4
Calculate -10 - (-22 + 12 - 37) - 10.
27
-4 - (8 + (-21 - -12)) - 9
-12
What is 0 + -17 - (-9 + -17)?
9
Evaluate -15 - -2 - ((29 - 26) + -10).
-6
1 + 2 + (-10 - ((6 - 12) + 7))
-8
Evaluate -13 - (-26 + 12) - (-7 - (0 - 1)).
7
What is the value of ((-14 - -8) + -8 - -12) + (0 - -2)?
0
Calculate -1 + 19 + (2 - (64 + -48)).
4
Calculate 7 + -10 + 14 - 5.
6
What is 7 - (-6 + (1 - -6) + 11 + -5)?
0
What is (-12 - (-43 + 12)) + 9 - (2 - -8)?
18
Evaluate 11 + -13 + 5 + (-11 - -1) - -17.
10
Evaluate 5 - (-2 + -2 - -2 - (-2 - 5)).
0
What is the value of -20 + 4 + -14 + 18?
-12
-2 + 0 - (4 + 3 + (-11 - 0))
2
-100 - -81 - (-17 - -7)
-9
What is 100 + -121 - (-1 - 27)?
7
What is the value of 743 + -744 - (0 + 0 + -12 + 2)?
9
(17 - 7) + (-4 - 8) + 6
4
8 + 0 - (20 + -43 - -24)
7
-8 + -6 + 1 + -18 + 8 + 15
-8
What is -980 - -990 - (1 - (1 - (11 - 2)))?
1
(-60 - -5) + 24 - (-7 + -3)
-21
Calculate -1 + (1 - 0 - -3) + (-50 - -66).
19
What is the value of 8 + 12 + -1 + -3?
16
What is the value of -1 - (-1 - (3 + 5 + -7)) - 17?
-16
What is (-4 - (-9 - (-1 + 2))) + 2 + 4?
12
2 - (-14 - (-2 - -3)) - 10
7
What is the value of 1 + -1 + 9 - (6 + (-32 - -31))?
4
What is (5 - (13 + -7) - 6) + 10 + 4?
7
-1 - -3 - (1644 - 1661)
19
What is (57 + -50 - 10) + (0 - 1) + 21?
17
What is the value of 6 - 0 - (-12 + -12 + 22 - -4)?
4
Evaluate -5 - 0 - (-11 + -2 + 8) - -10.
10
What is -12 + (-2 - (0 - 7)) + (1 - 1)?
-7
(141 - 152 - (-1 - (5 - -1))) + -3
-7
Calculate 2 + -2 + 5 - (-2 - -6).
1
What is the value of (5 - (0 + 19)) + 8 + -1 + 0?
-7
What is (-14 - (-5 + -3 - -14)) + 5 + 0?
-15
Calculate (2 - 18) + 1 + (29 - (-67 - -87)).
-6
Evaluate -35 + -10 + 18 + 27.
0
Evaluate (-2 - 2) + 1 + 1 + 9 + -13.
-6
Calculate (11 - 2 - (6 - 0 - 6)) + 8.
17
What is the value of 19 + -17 + (-1 - 1) - (24 + -15)?
-9
What is 49 + -26 - 29 - (0 - 4)?
-2
What is the value of 21 + (-26 - (-47 + 20))?
22
Evaluate 2 - ((11 - 14) + 13).
-8
Evaluate (17 + -2 - (60 - 53)) + 7.
15
Calculate -25 - (17 - 28) - -1.
-13
What is 5 + -1 + -10 + 2 + -57 + 62?
1
0 - (8 - 23 - (-1 + -3 + -2))
9
What is -5 - (-2 + -17 + (-1 - -7) - -6)?
2
Calculate 6 + -2 + 9 + -7 + -5 - 8.
-7
Evaluate -14 - 0 - ((17 - 9) + -1 + 2).
-23
-3 + 0 + 22 + -17 + 8
10
Calculate (-10 + 6 - (-1 - -6)) + -2.
-11
Calculate 6 - (-3 + 4 + 1) - 5.
-1
(56 - 53) + 1 + -32 - -6
-22
4 + -4 - (-4 + (14 - (9 - 3)))
-4
What is the value of (-67 - -61 - (4 + -5)) + (0 - 0)?
-5
Calculate (-12 - -6) + (57 - 33).
18
Evaluate 2 + -9 + (23 - 22).
-6
What is the value of -49 - -50 - (8 - -1)?
-8
What is 73 + -80 - (3 + 1)?
-11
Evaluate (0 - (-10 - -69)) + 29.
-30
(-16 - (-27 - -14)) + 4 + -8
-7
What is -28 - (-31 - (19 - 25))?
-3
Evaluate -29 - -14 - (-6 - (1 - 4)).
-12
Evaluate -15 + (-17 - -14) + 10.
-8
11 - (60 + -65 - (-15 + 0))
1
What is (33 - (-41 + 80)) + (1 - 0 - 7)?
-12
What is the value of 5 - (-17 - (-5 - 11))?
6
Evaluate (-40 - (-30 + 9)) + -12.
-31
What is the value of -6 + (3 - (6 + (-2 - 3)))?
-4
(-4 - (23 - 6)) + (-7 + 20 - 14)
-22
Calculate -25 + 7 + -7 + 3 + 8.
-14
What is the value of 6 + (1 + (14 - 17) - (-2 - 1))?
7
Evaluate 6 + -2 + -6 + (-7 - -16).
7
Evaluate 0 - (-19 + 2) - (719 + -700).
-2
33 + -6 + -25 + -19
-17
Calculate 0 + (-1 - -14) + (416 - 458).
-29
Evaluate -1150 + 1195 - (34 - 0).
11
Calculate 16 + (10 + -8 + 4 - 2).
20
Evaluate (-7 - (1 + -10 - 3)) + 10.
15
22 - (1 + -1) - (49 - 44)
17
What is 8 + (-2 - -7) - 6?
7
6 + (13 - 25) + 7
1
Evaluate (23 - 34) + 5 + -8.
-14
Calculate -4 + 0 - (-173 - -166).
3
What is the value of -17 + (-11 - (62 - 53 - (1 - -8)))?
-28
What is 0 + -1 - -13 - (13 - (-13 + 26))?
12
What is the value of -3 + (7 - (10 - (3 - -6))) + 7?
10
What is 0 + -7 - (24 + -31) - 0?
0
What is -2 + 5 + -11 - ((14 - 8) + -2)?
-12
Calculate -6 - 6 - (-1 + 6) - -7.
-10
What is the value of 23 - (70 - 33) - -35?
21
What is -40 + 41 + (-13 - 3)?
-15
Calculate (9 - 2 - 10) + 13.
10
What is the value of -6 - (-5 + 6 + 6 - (11 - 2))?
-4
-10 + (-8 + (-4 - -6) - -14 - 20)
-22
What is -4 - 2 - (-19 + 0 - -3)?
10
What is -18 + 51 + 9 + -29?
13
Evaluate -9 + 12 + (11 - 5).
9
What is 11 - (-150 + 141 - (-1 - 0))?
19
Calculate -6 + (13 - -2) + -3 - 0.
6
Evaluate 1 - -4 - (17 + -57 - -34).
11
Calculate 55 + -6 - (4 + 23).
22
What is -18 + 16 + 9 - 18?
-11
Calculate -80 + 92 + (-7 - -3) + -3.
5
What is the value of 10 + (22 + -18 - 19)?
-5
5 + -15 - (11 - (23 + 11))
13
Calculate 12 - 5 - (-33 - -58).
-18
-4 + 7 - (2 - 0) - 4
-3
Evaluate 14 + -25 + -2 - 2.
-15
Calculate 3 + 12 + -10 + 0 + 3 - -1.
9
37 + -48 - (-2 + -23 + -2)
16
What is 18 + ((11 - -13) + -14 - (2 + 10))?
16
12 + -44 - (-15 - 2)
-15
What is -9 - (-2 - (10 + 1) - -10)?
-6
Evaluate (2 - (-2 + 2)) + -15 + 27 + -4.
10
Calculate -22 - (-17 + (7 - 7)).
-5
Evaluate -16 + -4 + -3 + -5 - (-6 + 5).
-27
What is the value of 4 + -13 + (-1 - -7) + 4 + 7?
8
What is the value of (12 - 26) + 5 + -25 + 7?
-27
Evaluate (-11 - -1) + 54 + -53 - -5.
-4
Calculate 38 - 21 - (19 + -2).
0
11 - (4 + 0 + -1 - (50 - 44))
14
What is -23 - ((11 - -5) + -22 - -3)?
-20
3 + -22 + (9 - -2)
-8
What is the value of 461 + -478 - (2 + -37)?
18
What is -3 + -13 + 14 - -11?
9
What is 0 + (29 - 20 - 13)?
-4
What is the value of -1 + 2 + (1 - -3 - (8 - -6))?
-9
Calculate -13 + 1 + -60 + 12 + 64.
4
(-8 - -9) + (11 - (10 - 6) - 16)
-8
What is 5 - (-22 - -5) - 17?
5
What is the value of -5 + 1 - (22 - 35)?
9
Evaluate -2 - (-28 + 66) - -24.
-16
1 + -3 + 8 - (1 - -16)
-11
Evaluate 66 + -58 + 2 + (0 - (-1 - -2)).
9
What is the value of (75 - 103) + (5 - (4 + -5))?
-22
Evaluate -11 - (-5 + 6) - -19 - (15 - 0).
-8
Evaluate -2 - (-1 + 11 - (11 + -4) - 10).
5
Calculate (34 + -33 - -32) + -5.
28
Calculate -3 - (-8 - 0 - (140 + -139)).
6
What is the value of -5 + (7 - (-13 - -6)) + 2?
11
Evaluate 9 - (-1 - -8) - -12.
14
What is 15 - (8 + 16 + -2)?
-7
Evaluate 5 - (-3 + (-4 + 8 - -5)).
-1
(2 - 6) + 217 + -210
3
What is the value of -15 - (9 + -13 + -7) - -12?
8
(-2 - -12 - 6) + (3 - -1)
8
What is 134 + -121 + 2 + -4 + -2 + 0?
9
What is (-1 - -4) + 5 + -7 + -1 + 0?
0
What is the value of -13 + 3 + 23 + -8?
5
What is (-5 - 5) + 29 + -14?
5
What is the value of (7 - -7) + -98 + 107?
23
What is 37 + -28 + 4 - 9?
4
What is the value of -10 + 0 - (25 - 15)?
-20
What is the value of (-3 - 1) + (7 - 5) + -5 - 0?
-7
What is the value of 0 + -29 - (-259 - -259)?
-29
What is -6 + 3 + (-8 - (4 + -7))?
-8
What is the value of 6 + (-27 - (14 - (13 + 15)))?
-7
Evaluate -5 + 3 - (-40 - (10 + -30)).
18
What is the value of 26 + 17 + -34 - (1 - 13)?
21
Evaluate -9 + (19 - 13 - 16).
-19
Calculate 1 - (8 - 1 - (21 + -4)).
11
What is -3 - (7 + (-7 + 10 - 8))?
-5
Evaluate 2 + -7 + (-9 - -1) + (3 - 1).
-11
Evaluate 31 + -9 + -11 + -19.
-8
9 + 0 - (479 + -481)
11
Calculate (-73 - -153 - 46) + (0 - 0).
34
Evaluate 61 + (44 - 86) - (0 + 3).
16
Calculate 1 - (12 - (12 - 8)).
-7
Calculate 18 - (58 + 7 + -25).
-22
What is the value of 11 + 1 + -24 - 0?
-12
-10 - ((-18 - -47) + -56)
17
Calculate 2 + (-6 + 2 + -1 - (-9 + 3)).
3
What is 8 + -1 - (7 - (0 - (-3 + 0)))?
3
What is (-19 - -5 - -17) + (-2 - -9) + 6?
16
Calculate 24 - (-156 + 148 + 0 + -1 + 16).
17
What is the value of 10 + -23 + -2 + (-2 - -6)?
-11
What is the value of 10 + 0 - (119 + -117)?
8
Evaluate (3 - 1) + 45 + -37.
10
Evaluate -11 + -5 + 7 - -8.
-1
Calculate -3 - (4 + (-2 - (-6 + 1)) + -12).
2
Evaluate -11 + (2 - -1) - (168 + -164).
-12
What is 